h(-8) a composite number?
False
Let u = -24 - -29. Suppose 8*i + 2*s = u*i + 2011, 6 = 3*s. Is i prime?
False
Let q = 14 + -25. Let u(k) = 3*k + 25. Let d be u(q). Is (-892)/d*(0 - -2) composite?
False
Is (-24151)/7*(0 - 7) a prime number?
True
Suppose -8 = 17*k - 314. Let c(j) = j**3 - 3*j**2 - 15*j - 7. Is c(k) a prime number?
True
Suppose -m - 2 = 0, -5*a - 4*m = m - 360. Suppose 5*f = 3*f + a. Is f composite?
False
Let b(r) = -15 - 4 - r**2 + 2 + 12*r. Let k = 102 - 93. Is b(k) prime?
False
Suppose 3*g - 5*k = -848, 3*k + 933 = -4*g - 159. Let j = g - -443. Is j a prime number?
True
Suppose 5*q + 4*s = 62477, -3*q + s = 6*s - 37481. Is q a prime number?
True
Let t = 1055 + -386. Is t a prime number?
False
Let m be (5 - 1)/((-4)/24*-8). Is 1104/9 - (8/m - 2) prime?
False
Let o be (-1934)/(-4) - 24/(-16). Suppose 0 = -0*w + 5*w - q - 497, o = 5*w + 5*q. Suppose -m = -4, -2*m - w = -2*a + 79. Is a a prime number?
False
Is 1/(0 - (-5 - 157820/(-31565))) a composite number?
True
Let s = -154 - -44. Let w = 567 + s. Is w composite?
False
Let f be (-4)/10 - (-594)/(-15). Let d be (f/(-12))/((-4)/852). Let a = d - -2115. Is a composite?
True
Suppose 5*h - 4*t - 194 = 0, 4*t + 152 = 4*h - 0*t. Suppose b - 20 = 4*v - 1, 3*b - h = -3*v. Is (b - 13)*77/2 a prime number?
False
Let k(x) = -42*x**2 + x + 5. Let j be k(3). Let h = j - -581. Is h prime?
True
Let m(s) = -3 - 4*s + 5*s + s**2 - 2*s**2 - 2. Let n be m(0). Let p = 8 + n. Is p composite?
False
Let j(r) = 3*r - 10*r + 70*r + 28 - 5. Is j(6) prime?
True
Let c be ((-1 - -4) + -5)/((-4)/1606). Let p = c + -34. Is p a prime number?
True
Let x = 2 + -16. Let a = x - -18. Suppose 7 = 5*p - 3, 5*p = -a*v + 758. Is v composite?
True
Let o(f) = 470*f**2 - 9*f + 13. Is o(8) a composite number?
True
Suppose -2*u - 6408 = -2*s, s - 11*u = -8*u + 3204. Suppose 4*d = -s + 12424. Is d a composite number?
True
Let o(u) = -530*u + 33. Is o(-14) a prime number?
False
Let s(u) = -u**3 + 4*u**2 - u. Let t be s(4). Is (2 + 0)/(t/(-418)) prime?
False
Let r(u) = -u**2 + 2*u + 2. Let t be r(2). Suppose -684 = -3*y + v, -t*y + 409 = -v - 48. Suppose 242 = 3*l + 2*x + 2*x, -3*l = x - y. Is l a prime number?
False
Let u(h) = 250*h + 2. Let g be u(2). Suppose -8*d + 7*d + g = 0. Is d prime?
False
Suppose 5*c - 6*c + 3863 = 2*r, c = -3*r + 5794. Is r prime?
True
Let j(i) = 20*i**2 - i - 2. Suppose -m + 4*x + 5 = -0*m, 0 = 3*x + 6. Is j(m) a prime number?
True
Suppose -3*m + 27 = -5*u, -4*m = -2*u + u - 19. Suppose -527 = -m*t + 17. Suppose 12 = -4*q + t. Is q prime?
True
Let b = -243 - -541. Is b a composite number?
True
Let x = 47945 - 5512. Is x prime?
True
Suppose -4*k = k - 10. Suppose 5*c - 4 = -2*u, -3*c = -2*u + 3 + 1. Suppose d - 2*q - 201 = -c*q, -d + 221 = k*q. Is d a prime number?
True
Let t(i) = -17*i**3 + 3*i**2 - 5*i - 4. Let j(k) = -k**2 + k - 4. Let n be j(0). Let o(h) = -h**2 - 2*h + 5. Let c be o(n). Is t(c) composite?
True
Suppose -h + 5*h + x = 9, 4*h = -4*x + 12. Suppose -4*f + 50 = -h*f. Let o = 258 - f. Is o a prime number?
True
Let n(q) = -1680*q - 7. Is n(-2) a prime number?
False
Let h(c) be the second derivative of 26*c**3/3 - 9*c**2/2 - 7*c. Suppose 0 = -z + 8*z - 28. Is h(z) composite?
False
Let k = 8890 - 4526. Let c = 6521 - k. Is c a composite number?
True
Let a = 6214 - -200. Let q = a - 3595. Is q composite?
False
Let n = -13512 - -26685. Is n prime?
False
Suppose -5*m + 74 + 65 = -3*l, -m + 5 = 0. Let x = l - -36. Is 17/(-34) - 419/x composite?
True
Let j be (-3 + 6 - 1) + 2. Suppose 2*b + 3*w = 10, 0*w + j*w = 4*b. Suppose 6*s - b*s - 1292 = 0. Is s prime?
False
Let f(i) = -2*i - 2. Let m be f(-2). Let o be 2*(-3 + 4) + m. Suppose 171 = o*z - 65. Is z prime?
True
Suppose -6 = 2*l - 3*l. Let t be 9/l*(-24)/(-9). Is t/20 - 3204/(-5) composite?
False
Let r(b) = 9*b**2 - 17*b + 21. Let v be (1/(-3))/(6/(-144)) - -2. Is r(v) a composite number?
False
Let m(b) = 6*b**2 + 31*b - 75. Is m(-34) prime?
True
Let r(g) = 68*g**2 - 13*g + 4. Let b = 38 - 43. Is r(b) a composite number?
True
Let n(o) = -o**3 + 8*o**2 + o + 8. Let t be n(8). Is (-20)/5*(-892)/t a composite number?
False
Let a(p) = p**3 - 5*p**2 - 6*p - 21. Suppose 0*l - l - 7 = -t, t - 3*l = 1. Is a(t) a prime number?
True
Let t be (4/2)/((-6)/9). Let l(q) = -44*q**2 + 12*q + 11. Let x(d) = 87*d**2 - 23*d - 21. Let o(w) = 11*l(w) + 6*x(w). Is o(t) prime?
False
Let t be 8/2*(-3122)/(-4). Suppose -3288 = -10*o + t. Is o composite?
False
Let w be ((-12)/(-8))/((-6)/(-20)). Suppose 3*r - 3*t - 2541 = 0, 0*t + 3384 = 4*r - w*t. Is r composite?
True
Let m = 28 - 26. Suppose -51 - 69 = -4*r - 3*b, m*b = -3*r + 91. Is r prime?
False
Suppose 0*l + i - 1 = l, -3*i + 8 = 2*l. Let z(x) = 1260*x**3 + 3*x**2 - 4*x + 2. Is z(l) prime?
False
Suppose 4*n = -5*l + 4*l, 4*l = 5*n. Let o be (2 - 74)/(-1) + 2. Suppose l = -f - o + 277. Is f a composite number?
True
Let k(l) = 9*l + 29. Suppose -71 = -7*i + 55. Is k(i) composite?
False
Let d = -196 + 471. Let s = 565 - d. Is s + 2 + 4 + 2 composite?
True
Let r = 4141 - 2430. Is r a composite number?
True
Suppose -f - 5*v = -2804, 14*f - 5*v + 14080 = 19*f. Is f composite?
False
Let g = -166 - -164. Is (g - 2)*(-41)/2 prime?
False
Let f be 4/(-18) - 510/135. Let h(t) = -t - 3. Let q be h(f). Suppose i - 9 = q. Is i prime?
False
Let x(h) = 42*h + 31. Let q be x(6). Let z = q - -126. Is z composite?
False
Let k be (-25866)/33 - 6/33. Let p = k - -1300. Suppose 164 = 8*i - p. Is i composite?
True
Suppose -8574 = -4*p + 2758. Is p composite?
False
Suppose m + 3 = -2*r + 27, -56 = -4*r + 2*m. Suppose -9*c = -r*c + 7708. Is c composite?
True
Let a(h) = -6*h - 4585. Let o be a(0). Let z = 7080 + o. Is z a prime number?
False
Let f = 80 - -11. Suppose -2*a + 586 = -4*j, a + j - f = 205. Is a a composite number?
True
Let f(w) = 452*w - 27. Is f(7) composite?
False
Is 149/1*(-77)/(-7) prime?
False
Suppose 5*a - 24 - 26 = 0. Suppose 5*s + a = -50. Is (92/8)/((-2)/s) a composite number?
True
Suppose -3*s + a - 79 = 0, 3*s + 4*a + 0*a + 74 = 0. Let m = 7 + s. Let v = 70 + m. Is v prime?
False
Let s be ((-8)/(-16))/(2/(-1020)). Let l = 52 - s. Is l composite?
False
Let g(t) = -t**3 + 5*t**2 + 3*t + 5. Suppose 0 = -2*n + k + 11, -n + 6*n - 31 = -k. Suppose 0 = -3*f - o + 8, 22 = -4*o + n. Is g(f) composite?
True
Suppose 4*t + 4*z = 28, -4*z = -5*t + 2*t + 7. Suppose o - 4*a = -2*a + 5, -o + t = -3*a. Suppose -d - o*v - 1111 = -3*d, -4*d + v = -2249. Is d a prime number?
True
Suppose -2*t - 1344 = -4*y, -5*t - 969 = -3*y + 25. Let r be (-30)/(-12)*(-100)/2. Let n = r + y. Is n a composite number?
True
Is (-1 + -1)*(-12)/((-72)/(-25161)) composite?
False
Let d = -341 - 77. Let i = -291 - d. Is i prime?
True
Suppose 4*u = -3*y + 9707 + 31575, -4*u - 2*y + 41280 = 0. Is u prime?
False
Let q(v) = 13*v**3 + 2*v**2 + 2*v + 1. Let a be q(-1). Is 1/(-2) + (-1746)/a composite?
True
Let j(k) = -145*k**3 - 2*k**2 + 5. Is j(-2) a prime number?
False
Let l(p) = -18*p**3 - 2*p**2 - 4*p + 1. Let q be l(-4). Suppose q = -3*n - 2*s, -4*n + 0*n - 1516 = -4*s. Let g = n - -650. Is g a prime number?
True
Suppose -6*r + 10*r = 24. Let c be (r/(-4))/((-16)/(-32)). Is -2437*-1*(c + 4) a prime number?
True
Is 670/25*(-1 + 6) a composite number?
True
Suppose -1902 - 478 = -4*a. Suppose 4 = -4*y, 3*k + k + 3*y + a = 0. Let q = k + 275. Is q composite?
False
Suppose 6*g = 218143 - 48181. Is g a prime number?
False
Let m(r) = -r**2 - 2*r - 4. Let y(b) = -b**2 - b - 1. Let x(t) = -m(t) - y(t). Is x(-8) composite?
False
Let j = -10 + 4. Is (-2 + 5)/(j/(-74)) prime?
True
Suppose 6*i - 896 = 2*i. Let j = 24 - 21. Suppose 3*u = p - 92, -4*p = j*u - 129 - i. Is p a composite number?
False
Let p(j) = 1282*j + 821. Is p(9) a prime number?
False
Let w = -5 + 8. Let z be 2*3*1/w. Suppose 4*s - 46 = z*s. Is s prime?
True
Let t be 2/(-7) - 111/(-21). Suppose -3*z + 7 = 3*b - 5*z, t*z - 17 = -4*b. Suppose 6*q - p - 97 = b*q, p - 89 = -3*q. Is q composite?
False
Let x = -27395 + 40836. Is x a composite number?
False
Let r be (-3)/(-4)*1/((-3)/(-4)). Suppose 0*p - 392 = -4*p. Is (p - r)/((-3)/(-3)) prime?
True
Let i(k) = 32*k + 359. Is i(36) a composite number?
False
Let u(v) = 4212*v - 50. Is u(1) a prime number?
False
Suppose 3*x = 821 + 691. Suppose -428 = -4*